{"id":12,"date":"2018-11-22T14:24:19","date_gmt":"2018-11-22T13:24:19","guid":{"rendered":"http:\/\/psyparis19.fr\/?page_id=12"},"modified":"2025-05-05T11:46:17","modified_gmt":"2025-05-05T09:46:17","slug":"accueil","status":"publish","type":"page","link":"https:\/\/gabrielroche.com\/psy\/","title":{"rendered":"Psychoth\u00e9rapie(s)"},"content":{"rendered":"<p>Je vous souhaite la bienvenue,<\/p>\n<p>Vous ou un de vos proches ressentez un mal-\u00eatre, une forme de souffrance et vous \u00eates pr\u00eat-e \u00e0 faire <strong>un grand pas<\/strong> : vous engagez dans une th\u00e9rapie.<\/p>\n<p>C\u2019est une d\u00e9marche extr\u00eamement\u00a0courageuse et une profonde remise en question :<\/p>\n<ul>\n<li>Pourquoi sommes-nous tant attach\u00e9-e-s au connu, ce connu qui pourtant peut \u00eatre douloureux et nous faire souffrir ?<\/li>\n<li>Pourquoi avons-nous si peur de l\u2019inconnu, cet inconnu qui est au c\u0153ur de nous-m\u00eame et d\u00e9finit notre singularit\u00e9 ?<\/li>\n<\/ul>\n<p>S\u2019engager dans une th\u00e9rapie est <strong>un acte de libert\u00e9<\/strong> pour vous et, est un acte de responsabilit\u00e9 pour moi. Il m\u2019appartient de vous accueillir tel que vous vous pr\u00e9sentez \u00e0 moi, avec votre joie, votre tristesse, votre angoisse ou votre col\u00e8re. Le th\u00e9rapeute a un r\u00f4le \u00e9thique majeur : soutenir ce premier pas dans <strong>une relation humaniste et exempte de jugement.<\/strong> Je serai attentif \u00e0 votre demande et j\u2019accepterai de vous accompagner en th\u00e9rapie pour soutenir et stimuler <strong>votre subjectivit\u00e9, votre cr\u00e9ativit\u00e9 et votre humanit\u00e9.<\/strong><\/p>\n<p>Je vous invite \u00e0 prendre contact avec moi par t\u00e9l\u00e9phone au <strong>06 51 83 34 03<\/strong> ou, si c&rsquo;est plus ais\u00e9 pour vous, en utilisant <a href=\"http:\/\/gabrielroche.com\/?page_id=303\">le formulaire de premier contact<\/a>. Ensemble nous d\u00e9terminerons alors un rendez-vous.<\/p>\n<p>Enfin, un travail \u00e0 distance, par t\u00e9l\u00e9phone ou visio est possible. Nous prendrons le temps de d\u00e9finir le cadre de votre espace th\u00e9rapeutique.<\/p>\n<p>Gabriel Roche<\/p>\n","protected":false},"excerpt":{"rendered":"<p>Je vous souhaite la bienvenue, Vous ou un de vos proches ressentez un mal-\u00eatre, une forme de souffrance et vous \u00eates pr\u00eat-e \u00e0 faire un grand pas : vous engagez dans une th\u00e9rapie. C\u2019est une d\u00e9marche extr\u00eamement\u00a0courageuse et une profonde remise en question : Pourquoi sommes-nous tant attach\u00e9-e-s au connu, ce connu qui pourtant peut &hellip; <\/p>\n<p class=\"link-more\"><a href=\"https:\/\/gabrielroche.com\/psy\/\" class=\"more-link\">Continuer la lecture<span class=\"screen-reader-text\"> de &laquo;&nbsp;Psychoth\u00e9rapie(s)&nbsp;&raquo;<\/span><\/a><\/p>\n","protected":false},"author":1,"featured_media":0,"parent":0,"menu_order":0,"comment_status":"closed","ping_status":"closed","template":"","meta":{"footnotes":""},"class_list":["post-12","page","type-page","status-publish","hentry"],"yoast_head":"<!-- This site is optimized with the Yoast SEO plugin v24.9 - https:\/\/yoast.com\/wordpress\/plugins\/seo\/ -->\n<title>Psychoth\u00e9rapie(s) - Gabriel ROCHE<\/title>\n<meta name=\"description\" content=\"psy psychanalyste paris paris 13e paris13 75013 stress anxi\u00e9t\u00e9 angoisse couple th\u00e9rapie mal-\u00eatre souffrance d\u00e9pression probl\u00e8mes familiaux burnout roche apo analyse psycho-organique psychopraticien couple enfant adolescent\" \/>\n<meta name=\"robots\" content=\"index, follow, max-snippet:-1, max-image-preview:large, max-video-preview:-1\" \/>\n<link rel=\"canonical\" href=\"https:\/\/gabrielroche.com\/psy\/\" \/>\n<meta property=\"og:locale\" content=\"fr_FR\" \/>\n<meta property=\"og:type\" content=\"article\" \/>\n<meta property=\"og:title\" content=\"Psychoth\u00e9rapie(s) - Gabriel ROCHE\" \/>\n<meta property=\"og:description\" content=\"psy psychanalyste paris paris 13e paris13 75013 stress anxi\u00e9t\u00e9 angoisse couple th\u00e9rapie mal-\u00eatre souffrance d\u00e9pression probl\u00e8mes familiaux burnout roche apo analyse psycho-organique psychopraticien couple enfant adolescent\" \/>\n<meta property=\"og:url\" content=\"https:\/\/gabrielroche.com\/psy\/\" \/>\n<meta property=\"og:site_name\" content=\"Gabriel ROCHE\" \/>\n<meta property=\"article:modified_time\" content=\"2025-05-05T09:46:17+00:00\" \/>\n<meta name=\"twitter:card\" content=\"summary_large_image\" \/>\n<meta name=\"twitter:label1\" content=\"Dur\u00e9e de lecture estim\u00e9e\" \/>\n\t<meta name=\"twitter:data1\" content=\"2 minutes\" \/>\n<script type=\"application\/ld+json\" class=\"yoast-schema-graph\">{\"@context\":\"https:\/\/schema.org\",\"@graph\":[{\"@type\":\"WebPage\",\"@id\":\"https:\/\/gabrielroche.com\/psy\/\",\"url\":\"https:\/\/gabrielroche.com\/psy\/\",\"name\":\"Psychoth\u00e9rapie(s) - Gabriel ROCHE\",\"isPartOf\":{\"@id\":\"https:\/\/gabrielroche.com\/psy\/#website\"},\"datePublished\":\"2018-11-22T13:24:19+00:00\",\"dateModified\":\"2025-05-05T09:46:17+00:00\",\"description\":\"psy psychanalyste paris paris 13e paris13 75013 stress anxi\u00e9t\u00e9 angoisse couple th\u00e9rapie mal-\u00eatre souffrance d\u00e9pression probl\u00e8mes familiaux burnout roche apo analyse psycho-organique psychopraticien couple enfant adolescent\",\"breadcrumb\":{\"@id\":\"https:\/\/gabrielroche.com\/psy\/#breadcrumb\"},\"inLanguage\":\"fr-FR\",\"potentialAction\":[{\"@type\":\"ReadAction\",\"target\":[\"https:\/\/gabrielroche.com\/psy\/\"]}]},{\"@type\":\"BreadcrumbList\",\"@id\":\"https:\/\/gabrielroche.com\/psy\/#breadcrumb\",\"itemListElement\":[{\"@type\":\"ListItem\",\"position\":1,\"name\":\"Accueil\",\"item\":\"https:\/\/gabrielroche.com\/psy\/\"},{\"@type\":\"ListItem\",\"position\":2,\"name\":\"Psychoth\u00e9rapie(s)\"}]},{\"@type\":\"WebSite\",\"@id\":\"https:\/\/gabrielroche.com\/psy\/#website\",\"url\":\"https:\/\/gabrielroche.com\/psy\/\",\"name\":\"Gabriel Roche Analyse Psycho-Organique Paris 13\",\"description\":\"Analyste, Th\u00e9rapie Psycho-Organique, PARIS 13\",\"publisher\":{\"@id\":\"https:\/\/gabrielroche.com\/psy\/#\/schema\/person\/a902b0a2db1d1af67e0c34ee71f6e4f7\"},\"potentialAction\":[{\"@type\":\"SearchAction\",\"target\":{\"@type\":\"EntryPoint\",\"urlTemplate\":\"https:\/\/gabrielroche.com\/psy\/?s={search_term_string}\"},\"query-input\":{\"@type\":\"PropertyValueSpecification\",\"valueRequired\":true,\"valueName\":\"search_term_string\"}}],\"inLanguage\":\"fr-FR\"},{\"@type\":[\"Person\",\"Organization\"],\"@id\":\"https:\/\/gabrielroche.com\/psy\/#\/schema\/person\/a902b0a2db1d1af67e0c34ee71f6e4f7\",\"name\":\"gabrielroche\",\"logo\":{\"@id\":\"https:\/\/gabrielroche.com\/psy\/#\/schema\/person\/image\/\"}}]}<\/script>\n<!-- \/ Yoast SEO plugin. -->","yoast_head_json":{"title":"Psychoth\u00e9rapie(s) - Gabriel ROCHE","description":"psy psychanalyste paris paris 13e paris13 75013 stress anxi\u00e9t\u00e9 angoisse couple th\u00e9rapie mal-\u00eatre souffrance d\u00e9pression probl\u00e8mes familiaux burnout roche apo analyse psycho-organique psychopraticien couple enfant adolescent","robots":{"index":"index","follow":"follow","max-snippet":"max-snippet:-1","max-image-preview":"max-image-preview:large","max-video-preview":"max-video-preview:-1"},"canonical":"https:\/\/gabrielroche.com\/psy\/","og_locale":"fr_FR","og_type":"article","og_title":"Psychoth\u00e9rapie(s) - Gabriel ROCHE","og_description":"psy psychanalyste paris paris 13e paris13 75013 stress anxi\u00e9t\u00e9 angoisse couple th\u00e9rapie mal-\u00eatre souffrance d\u00e9pression probl\u00e8mes familiaux burnout roche apo analyse psycho-organique psychopraticien couple enfant adolescent","og_url":"https:\/\/gabrielroche.com\/psy\/","og_site_name":"Gabriel ROCHE","article_modified_time":"2025-05-05T09:46:17+00:00","twitter_card":"summary_large_image","twitter_misc":{"Dur\u00e9e de lecture estim\u00e9e":"2 minutes"},"schema":{"@context":"https:\/\/schema.org","@graph":[{"@type":"WebPage","@id":"https:\/\/gabrielroche.com\/psy\/","url":"https:\/\/gabrielroche.com\/psy\/","name":"Psychoth\u00e9rapie(s) - Gabriel ROCHE","isPartOf":{"@id":"https:\/\/gabrielroche.com\/psy\/#website"},"datePublished":"2018-11-22T13:24:19+00:00","dateModified":"2025-05-05T09:46:17+00:00","description":"psy psychanalyste paris paris 13e paris13 75013 stress anxi\u00e9t\u00e9 angoisse couple th\u00e9rapie mal-\u00eatre souffrance d\u00e9pression probl\u00e8mes familiaux burnout roche apo analyse psycho-organique psychopraticien couple enfant adolescent","breadcrumb":{"@id":"https:\/\/gabrielroche.com\/psy\/#breadcrumb"},"inLanguage":"fr-FR","potentialAction":[{"@type":"ReadAction","target":["https:\/\/gabrielroche.com\/psy\/"]}]},{"@type":"BreadcrumbList","@id":"https:\/\/gabrielroche.com\/psy\/#breadcrumb","itemListElement":[{"@type":"ListItem","position":1,"name":"Accueil","item":"https:\/\/gabrielroche.com\/psy\/"},{"@type":"ListItem","position":2,"name":"Psychoth\u00e9rapie(s)"}]},{"@type":"WebSite","@id":"https:\/\/gabrielroche.com\/psy\/#website","url":"https:\/\/gabrielroche.com\/psy\/","name":"Gabriel Roche Analyse Psycho-Organique Paris 13","description":"Analyste, Th\u00e9rapie Psycho-Organique, PARIS 13","publisher":{"@id":"https:\/\/gabrielroche.com\/psy\/#\/schema\/person\/a902b0a2db1d1af67e0c34ee71f6e4f7"},"potentialAction":[{"@type":"SearchAction","target":{"@type":"EntryPoint","urlTemplate":"https:\/\/gabrielroche.com\/psy\/?s={search_term_string}"},"query-input":{"@type":"PropertyValueSpecification","valueRequired":true,"valueName":"search_term_string"}}],"inLanguage":"fr-FR"},{"@type":["Person","Organization"],"@id":"https:\/\/gabrielroche.com\/psy\/#\/schema\/person\/a902b0a2db1d1af67e0c34ee71f6e4f7","name":"gabrielroche","logo":{"@id":"https:\/\/gabrielroche.com\/psy\/#\/schema\/person\/image\/"}}]}},"_links":{"self":[{"href":"https:\/\/gabrielroche.com\/psy\/index.php?rest_route=\/wp\/v2\/pages\/12","targetHints":{"allow":["GET"]}}],"collection":[{"href":"https:\/\/gabrielroche.com\/psy\/index.php?rest_route=\/wp\/v2\/pages"}],"about":[{"href":"https:\/\/gabrielroche.com\/psy\/index.php?rest_route=\/wp\/v2\/types\/page"}],"author":[{"embeddable":true,"href":"https:\/\/gabrielroche.com\/psy\/index.php?rest_route=\/wp\/v2\/users\/1"}],"replies":[{"embeddable":true,"href":"https:\/\/gabrielroche.com\/psy\/index.php?rest_route=%2Fwp%2Fv2%2Fcomments&post=12"}],"version-history":[{"count":26,"href":"https:\/\/gabrielroche.com\/psy\/index.php?rest_route=\/wp\/v2\/pages\/12\/revisions"}],"predecessor-version":[{"id":415,"href":"https:\/\/gabrielroche.com\/psy\/index.php?rest_route=\/wp\/v2\/pages\/12\/revisions\/415"}],"wp:attachment":[{"href":"https:\/\/gabrielroche.com\/psy\/index.php?rest_route=%2Fwp%2Fv2%2Fmedia&parent=12"}],"curies":[{"name":"wp","href":"https:\/\/api.w.org\/{rel}","templated":true}]}}